{"id":26,"date":"2024-10-22T19:57:59","date_gmt":"2024-10-22T16:57:59","guid":{"rendered":"https:\/\/www.hapioky.fi\/?page_id=26"},"modified":"2025-03-30T17:39:24","modified_gmt":"2025-03-30T14:39:24","slug":"omakotitalkkarit","status":"publish","type":"page","link":"http:\/\/www.hapioky.fi\/index.php\/omakotitalkkarit\/","title":{"rendered":"Omakotitalkkarit"},"content":{"rendered":"\n<div class=\"wp-block-group alignfull has-accent-background-color has-background has-global-padding is-layout-constrained wp-container-core-group-is-layout-3 wp-block-group-is-layout-constrained\" style=\"margin-top:0;margin-bottom:0;padding-top:var(--wp--preset--spacing--50);padding-right:var(--wp--preset--spacing--50);padding-bottom:var(--wp--preset--spacing--50);padding-left:var(--wp--preset--spacing--50)\">\n<div class=\"wp-block-columns alignwide is-layout-flex wp-container-core-columns-is-layout-1 wp-block-columns-is-layout-flex\">\n<div class=\"wp-block-column is-vertically-aligned-stretch is-layout-flow wp-block-column-is-layout-flow\" style=\"flex-basis:50%\">\n<div class=\"wp-block-group is-vertical is-content-justification-stretch is-layout-flex wp-container-core-group-is-layout-2 wp-block-group-is-layout-flex\" style=\"min-height:100%\">\n<p class=\"has-heading-font-family has-x-large-font-size\" style=\"line-height:1.2\"><strong>Omakotitalkkarit alueittain:<\/strong><\/p>\n\n\n\n<p><strong><u>P\u00e4ij\u00e4t &#8211; H\u00e4me<\/u><\/strong>&nbsp;<\/p>\n\n\n\n<p><strong>Orimattila, Lahti, Nastola\u00a0 ja ymp\u00e4rist\u00f6:<\/strong><strong><br><\/strong>Talkkari:\u00a0040\u00a0418 9729\u00a0 Ari Id<\/p>\n\n\n\n<p><strong>Lahti, Nastola, Orimattila ja ymp\u00e4rist\u00f6:<br><\/strong>Talkkari: 044 566 4711 Kari Viitanen<\/p>\n\n\n\n<p><strong>Asikkala, Lahti ja l\u00e4hiymp\u00e4rist\u00f6:<\/strong><\/p>\n\n\n\n<p>044&nbsp;566 4717&nbsp; Pauli Jukkola Osa-aikainen tilap\u00e4isapu<\/p>\n\n\n\n<p>044&nbsp;566 4713 Jori Ravantti&nbsp; Osa-aikainen tilap\u00e4isapu<\/p>\n\n\n\n<p>Ty\u00f6njohto: 044 566 4720<\/p>\n\n\n\n<p><\/p>\n\n\n\n<p><strong><u>Kanta \u2013 H\u00e4me<\/u>&nbsp;&nbsp;&nbsp;&nbsp;&nbsp;&nbsp;&nbsp;&nbsp;&nbsp;&nbsp; &nbsp;&nbsp;&nbsp;&nbsp;&nbsp;&nbsp;&nbsp;&nbsp;&nbsp;&nbsp;&nbsp;&nbsp;&nbsp;&nbsp;&nbsp;&nbsp;&nbsp;&nbsp; <\/strong><\/p>\n\n\n\n<p><strong>H\u00e4meenlinna ja ymp\u00e4rist\u00f6:<\/strong><\/p>\n\n\n\n<p>Ei talkkaria t\u00e4ll\u00e4 hetkell\u00e4, tiedustele tilannetta alla olevasta numerosta.&nbsp; <\/p>\n\n\n\n<p>Ty\u00f6njohto: 044&nbsp;566 4720<\/p>\n\n\n\n<p><strong><u>Pirkanmaa<\/u><\/strong><\/p>\n\n\n\n<p><strong>Tampere, Pirkkala, Hervanta, Kangasala, Nokia, Yl\u00f6j\u00e4rvi ja ymp\u00e4rist\u00f6:<\/strong><br>Tampereen 4H yhdistyksen Helppi ty\u00f6palvelut &nbsp;<\/p>\n\n\n\n<p>Hanna Tukiainen<br>toiminnanjohtaja<br>hanna.tukiainen(at)4h.fi<br>040 823 9778<strong><br><\/strong><\/p>\n\n\n\n<p>Ei omaa talkkaria t\u00e4ll\u00e4 hetkell\u00e4, tiedustele tilannetta alla olevasta numerosta.&nbsp;<\/p>\n\n\n\n<p>Ty\u00f6njohto: 044 566 4720<\/p>\n\n\n\n<p><strong>Valkeakoski:<\/strong><\/p>\n\n\n\n<p>Ty\u00f6njohto: 044 566 4720<\/p>\n\n\n\n<p class=\"has-heading-font-family has-x-large-font-size\" style=\"line-height:1.2\"><\/p>\n\n\n\n<div class=\"wp-block-group has-global-padding is-content-justification-left is-layout-constrained wp-container-core-group-is-layout-1 wp-block-group-is-layout-constrained\">\n<p class=\"wp-container-content-1\"><\/p>\n<\/div>\n<\/div>\n<\/div>\n\n\n\n<div class=\"wp-block-column is-vertically-aligned-center is-layout-flow wp-block-column-is-layout-flow\" style=\"flex-basis:50%\"><\/div>\n<\/div>\n<\/div>\n","protected":false},"excerpt":{"rendered":"<p>Omakotitalkkarit alueittain: P\u00e4ij\u00e4t &#8211; H\u00e4me&nbsp; Orimattila, Lahti, Nastola\u00a0 ja ymp\u00e4rist\u00f6:Talkkari:\u00a0040\u00a0418 9729\u00a0 Ari Id Lahti, Nastola, Orimattila ja ymp\u00e4rist\u00f6:Talkkari: 044 566 4711 Kari Viitanen Asikkala, Lahti ja l\u00e4hiymp\u00e4rist\u00f6: 044&nbsp;566 4717&nbsp; Pauli Jukkola Osa-aikainen tilap\u00e4isapu 044&nbsp;566 4713 Jori Ravantti&nbsp; Osa-aikainen tilap\u00e4isapu Ty\u00f6njohto: 044 566 4720 Kanta \u2013 H\u00e4me&nbsp;&nbsp;&nbsp;&nbsp;&nbsp;&nbsp;&nbsp;&nbsp;&nbsp;&nbsp; &nbsp;&nbsp;&nbsp;&nbsp;&nbsp;&nbsp;&nbsp;&nbsp;&nbsp;&nbsp;&nbsp;&nbsp;&nbsp;&nbsp;&nbsp;&nbsp;&nbsp;&nbsp; H\u00e4meenlinna ja ymp\u00e4rist\u00f6: Ei talkkaria t\u00e4ll\u00e4 hetkell\u00e4, tiedustele [&hellip;]<\/p>\n","protected":false},"author":1,"featured_media":0,"parent":0,"menu_order":3,"comment_status":"closed","ping_status":"closed","template":"","meta":{"footnotes":""},"class_list":["post-26","page","type-page","status-publish","hentry"],"_links":{"self":[{"href":"http:\/\/www.hapioky.fi\/index.php\/wp-json\/wp\/v2\/pages\/26","targetHints":{"allow":["GET"]}}],"collection":[{"href":"http:\/\/www.hapioky.fi\/index.php\/wp-json\/wp\/v2\/pages"}],"about":[{"href":"http:\/\/www.hapioky.fi\/index.php\/wp-json\/wp\/v2\/types\/page"}],"author":[{"embeddable":true,"href":"http:\/\/www.hapioky.fi\/index.php\/wp-json\/wp\/v2\/users\/1"}],"replies":[{"embeddable":true,"href":"http:\/\/www.hapioky.fi\/index.php\/wp-json\/wp\/v2\/comments?post=26"}],"version-history":[{"count":6,"href":"http:\/\/www.hapioky.fi\/index.php\/wp-json\/wp\/v2\/pages\/26\/revisions"}],"predecessor-version":[{"id":56,"href":"http:\/\/www.hapioky.fi\/index.php\/wp-json\/wp\/v2\/pages\/26\/revisions\/56"}],"wp:attachment":[{"href":"http:\/\/www.hapioky.fi\/index.php\/wp-json\/wp\/v2\/media?parent=26"}],"curies":[{"name":"wp","href":"https:\/\/api.w.org\/{rel}","templated":true}]}}

<div class="wp-block-group alignfull has-accent-background-color has-background has-global-padding is-layout-constrained wp-container-core-group-is-layout-3 wp-block-group-is-layout-constrained" style="margin-top:0;margin-bottom:0;padding-top:var(--wp--preset--spacing--50);padding-right:var(--wp--preset--spacing--50);padding-bottom:var(--wp--preset--spacing--50);padding-left:var(--wp--preset--spacing--50)">
<div class="wp-block-columns alignwide is-layout-flex wp-container-core-columns-is-layout-1 wp-block-columns-is-layout-flex">
<div class="wp-block-column is-vertically-aligned-stretch is-layout-flow wp-block-column-is-layout-flow" style="flex-basis:50%">
<div class="wp-block-group is-vertical is-content-justification-stretch is-layout-flex wp-container-core-group-is-layout-2 wp-block-group-is-layout-flex" style="min-height:100%">
<p class="has-heading-font-family has-x-large-font-size" style="line-height:1.2"><strong>Omakotitalkkarit alueittain:</strong></p>



<p><strong><u>Päijät &#8211; Häme</u></strong>&nbsp;</p>



<p><strong>Orimattila, Lahti, Nastola  ja ympäristö:</strong><strong><br></strong>Talkkari: 040 418 9729  Ari Id</p>



<p><strong>Lahti, Nastola, Orimattila ja ympäristö:<br></strong>Talkkari: 044 566 4711 Kari Viitanen</p>



<p><strong>Asikkala, Lahti ja lähiympäristö:</strong></p>



<p>044&nbsp;566 4717&nbsp; Pauli Jukkola Osa-aikainen tilapäisapu</p>



<p>044&nbsp;566 4713 Jori Ravantti&nbsp; Osa-aikainen tilapäisapu</p>



<p>Työnjohto: 044 566 4720</p>



<p></p>



<p><strong><u>Kanta – Häme</u>&nbsp;&nbsp;&nbsp;&nbsp;&nbsp;&nbsp;&nbsp;&nbsp;&nbsp;&nbsp; &nbsp;&nbsp;&nbsp;&nbsp;&nbsp;&nbsp;&nbsp;&nbsp;&nbsp;&nbsp;&nbsp;&nbsp;&nbsp;&nbsp;&nbsp;&nbsp;&nbsp;&nbsp; </strong></p>



<p><strong>Hämeenlinna ja ympäristö:</strong></p>



<p>Ei talkkaria tällä hetkellä, tiedustele tilannetta alla olevasta numerosta.&nbsp; </p>



<p>Työnjohto: 044&nbsp;566 4720</p>



<p><strong><u>Pirkanmaa</u></strong></p>



<p><strong>Tampere, Pirkkala, Hervanta, Kangasala, Nokia, Ylöjärvi ja ympäristö:</strong><br>Tampereen 4H yhdistyksen Helppi työpalvelut &nbsp;</p>



<p>Hanna Tukiainen<br>toiminnanjohtaja<br>hanna.tukiainen(at)4h.fi<br>040 823 9778<strong><br></strong></p>



<p>Ei omaa talkkaria tällä hetkellä, tiedustele tilannetta alla olevasta numerosta.&nbsp;</p>



<p>Työnjohto: 044 566 4720</p>



<p><strong>Valkeakoski:</strong></p>



<p>Työnjohto: 044 566 4720</p>



<p class="has-heading-font-family has-x-large-font-size" style="line-height:1.2"></p>



<div class="wp-block-group has-global-padding is-content-justification-left is-layout-constrained wp-container-core-group-is-layout-1 wp-block-group-is-layout-constrained">
<p class="wp-container-content-1"></p>
</div>
</div>
</div>



<div class="wp-block-column is-vertically-aligned-center is-layout-flow wp-block-column-is-layout-flow" style="flex-basis:50%"></div>
</div>
</div>

<p>Omakotitalkkarit alueittain: Päijät &#8211; Häme&nbsp; Orimattila, Lahti, Nastola  ja ympäristö:Talkkari: 040 418 9729  Ari Id Lahti, Nastola, Orimattila ja ympäristö:Talkkari: 044 566 4711 Kari Viitanen Asikkala, Lahti ja lähiympäristö: 044&nbsp;566 4717&nbsp; Pauli Jukkola Osa-aikainen tilapäisapu 044&nbsp;566 4713 Jori Ravantti&nbsp; Osa-aikainen tilapäisapu Työnjohto: 044 566 4720 Kanta – Häme&nbsp;&nbsp;&nbsp;&nbsp;&nbsp;&nbsp;&nbsp;&nbsp;&nbsp;&nbsp; &nbsp;&nbsp;&nbsp;&nbsp;&nbsp;&nbsp;&nbsp;&nbsp;&nbsp;&nbsp;&nbsp;&nbsp;&nbsp;&nbsp;&nbsp;&nbsp;&nbsp;&nbsp; Hämeenlinna ja ympäristö: Ei talkkaria tällä hetkellä, tiedustele [&hellip;]</p>
